q?
41
Let b be 0 + -6*1/(-2). Let u be b - (1 + (-3 - -5)). Suppose c - 3 = -s + 24, u = -3*c. List the prime factors of s.
3
Let q = -2723 + 5228. List the prime factors of q.
3, 5, 167
Suppose -7*m = -11*m + 2384. List the prime factors of m.
2, 149
Suppose -2*a + a - 124 = -5*h, 0 = 4*h + 4*a - 80. Let w = 27 - h. Suppose -5*g + 6*g - 5*x = 7, 3*x + 81 = w*g. List the prime factors of g.
2
Suppose -15*v - 516 = -11*v. Let t = v + 274. What are the prime factors of t?
5, 29
Let h(n) = 6*n**2 + 163*n + 56. List the prime factors of h(-28).
2, 7
List the prime factors of (4033/(-148))/((-1)/12).
3, 109
Suppose 3*p - 5 = 5*x + 5, 5*p + 2*x = -4. Suppose 2*z + 13*z - 5385 = p. List the prime factors of z.
359
Let w(o) = -3*o**3 + 1. Let y be w(1). What are the prime factors of (1 + y - -4)*19?
3, 19
Let c(b) = -12*b + b**3 - 17 - 9 + 3716*b**2 - 3730*b**2. List the prime factors of c(15).
19
Let k be -4 + (2 - 16/(-4)). Suppose 5*g + 2*u - 5*u + 160 = 0, 5*u + 95 = -k*g. List the prime factors of 5/g + (-786)/(-14).
2, 7
Let g(f) = -21*f + 23. Let l be g(-9). Let z = l + -125. What are the prime factors of z?
3, 29
Let p(x) = -2*x. Let d be p(1). Let r = -1 + 6. What are the prime factors of r/d*36/(-15)?
2, 3
Let x(g) = -6*g + 60. List the prime factors of x(2).
2, 3
Suppose 36 = -11*m + 168. Let j(z) = z**2 + z. Let i be j(-3). Suppose 3*w + m = i*w. List the prime factors of w.
2
Suppose 2*q = 5*l + 704, 4*l = 4*q + l - 1394. List the prime factors of q.
347
Let d(p) = -p**3 + 39*p**2 + 112*p - 86. What are the prime factors of d(40)?
2, 11, 127
Suppose -4*j + 3*j - 3 = 0, 2*j + 30 = 3*p. Suppose -13*v = -15*v + p. Suppose v*b = 2*b + 44. List the prime factors of b.
2, 11
Let q(h) = 177*h - 346. List the prime factors of q(17).
2663
Suppose -4*l + 6*l = 472. Suppose -5*i = -4*g - l, 2*i + 19 = 4*g + 111. Let r = i + -32. What are the prime factors of r?
2
Let t = 9 + -26. Let n(f) = f**2 + 8*f - 38. List the prime factors of n(t).
5, 23
Let n(b) = b**3 - 10*b**2 - 70*b + 66. List the prime factors of n(20).
2, 31, 43
Let g(r) = -r**3 + 16*r**2 - 12*r + 2. Let k be 5/2*110/25. Let n = 4 + k. What are the prime factors of g(n)?
47
List the prime factors of (5 + (-471)/12)/(2/(-8)).
137
Suppose -9 = -3*b + 3. Let c = 2 + b. Suppose 100 = c*x - 2*x. List the prime factors of x.
5
Suppose -o - 31*w + 26*w = -1778, 0 = 5*o + w - 8842. List the prime factors of o.
2, 13, 17
Let m(n) = 4*n**2 + n**2 + 1 - 2*n**2 - 9*n. List the prime factors of m(6).
5, 11
Let l = -339 + 392. List the prime factors of l.
53
Suppose -25*j + 20154 = -16071. What are the prime factors of j?
3, 7, 23
Let h be 5*(4 + (2 - -4)). Suppose -2*b - 3*b = -h. What are the prime factors of b?
2, 5
Let q = -39 - -385. List the prime factors of q.
2, 173
Let b = 10 - 12. Let n be 25/(2*b/4). Let o = 39 + n. List the prime factors of o.
2, 7
Suppose 5*q - 323 = 137. Let u(i) = 20*i + 110. Let g be u(-6). What are the prime factors of -3 + (-5)/(g/q)?
43
Let a be 8/(-12) - (-142)/6. Let j = -8 + a. Suppose 0 = j*z - 13*z - 36. What are the prime factors of z?
2, 3
List the prime factors of (25 + -22)/((-6)/(-496)).
2, 31
Suppose -9*o + 132 = -7*o. What are the prime factors of o?
2, 3, 11
Let t(p) = p + 156. List the prime factors of t(4).
2, 5
Suppose -4*v - 5*o + 3931 = 0, 0 = -2*v + 5*o + 189 + 1784. What are the prime factors of v?
2, 3, 41
Suppose 0 = t - 5*f - 634, -t + 496 = 5*f - 158. What are the prime factors of t?
2, 7, 23
Let g = -857 + 1107. What are the prime factors of g?
2, 5
What are the prime factors of (54848/(-80))/(2/(-5))?
2, 857
Let r(k) = -3*k**3 - 21*k**2 - k + 152. What are the prime factors of r(-14)?
2, 2141
Suppose 5*g - 2*o = 3659, 3*g + 6*o - 2185 = 2*o. What are the prime factors of g?
17, 43
Let h(m) = 45*m + 3. List the prime factors of h(3).
2, 3, 23
Suppose 0 = -17*h + 22*h - 355. List the prime factors of h.
71
Suppose -5*k - 47 - 23 = 0. Let i = 18 - k. What are the prime factors of i?
2
Let s be (2 - (-9)/(-6)) + 50/20. Suppose 14*t - 1199 = s*t. What are the prime factors of t?
109
What are the prime factors of (-4)/10*(-19980)/18?
2, 3, 37
Suppose -4*h + 19 = -5. Suppose 80 = -h*g + 10*g. List the prime factors of g.
2, 5
Let c(d) = d**3 + 8*d**2 + d + 10. Suppose 4*g + 19 + 13 = 0. Let p be c(g). Suppose p*s - 12 = -s. List the prime factors of s.
2
Let d = 149 - 48. List the prime factors of d.
101
Let y = 2624 + -1840. What are the prime factors of y?
2, 7
Suppose -3*s + 186 + 176 = -4*j, 2*j + 4 = 0. Let x = 219 - s. What are the prime factors of x?
101
Suppose -2655 = -13*m - 2*m. List the prime factors of m.
3, 59
Let s(g) = -g**2 - g + 34. Let r(u) = u**2 - 3*u + 2. Let f be r(2). Let l be s(f). Suppose 0 = -2*b - 2 + l. What are the prime factors of b?
2
Let o(z) = -75*z - 9. Let n be o(-1). Suppose 90 = -2*f + 4. Let w = f + n. List the prime factors of w.
23
Let i(r) = r**3 + 10*r**2 + 9*r + 2. Let b be i(-9). Suppose 2*p = -b*p - 16. What are the prime factors of (2/p)/(7/(-518))?
37
What are the prime factors of (-3855)/(-9) - (0 - (-10)/(-15))?
3, 11, 13
Suppose 6*g - 2*g = -5*s + 688, 5*g = 2*s + 827. Let h = 251 - g. What are the prime factors of h?
2, 3, 7
What are the prime factors of 225525/125 + (-2)/10?
2, 11, 41
Suppose -79 + 24 = -5*d. Suppose 4 = 3*g - d. Suppose 0 = -g*w - 4*o + 99, 0*o + 2 = 2*o. List the prime factors of w.
19
What are the prime factors of 56/(-252) - 2900/(-9)?
2, 7, 23
Let h = -468 + 832. List the prime factors of h.
2, 7, 13
Let u = -7478 + 12577. What are the prime factors of u?
5099
Suppose -3*k = -4*z - 314, -2*k + 0*k + 214 = 2*z. Let v = k + 7. List the prime factors of v.
113
Suppose -5*k = -i + 27, 3*k = 5*i - 0*i - 25. Let l(p) = 8 + 2*p**i - 6 - 5*p - 1. List the prime factors of l(-4).
53
Suppose 129*t - 2320 = 124*t. Suppose -2615 = -9*d - t. What are the prime factors of d?
239
Suppose 0 = 19*f + 17261 - 72076. What are the prime factors of f?
5, 577
Suppose -5*s = -15, 3*j = s + 4253 - 209. List the prime factors of j.
19, 71
What are the prime factors of (-1 - (-32)/40) + (-29613)/(-15)?
2, 3, 7, 47
Let z = 997 - 745. What are the prime factors of z?
2, 3, 7
What are the prime factors of (6 + -3)*(70 - (3 + 0))?
3, 67
Let o(h) = 3*h**2 + 19*h + 11. Let a be o(14). Suppose 636 = 3*w + 2*q, -3*q + 0*q = -4*w + a. List the prime factors of w.
2, 107
List the prime factors of 0 - 462/3*(-18)/12.
3, 7, 11
Suppose 0 = -3*u, 5*v - u = -3*u - 315. Let a = v - -108. What are the prime factors of a?
3, 5
List the prime factors of -9 + 13265/((-20)/(-4)).
2, 661
Let h = 325 + 167. What are the prime factors of h?
2, 3, 41
Suppose 8*y - 5464 = 928. What are the prime factors of y?
17, 47
Let b(y) = y**3 - 3*y**2 - 5*y - 1. Let j be b(4). Let k(c) = c**2 + 6*c + 5. Let s be k(j). Suppose s = 5*f - 29 - 76. What are the prime factors of f?
3, 7
Let u(r) be the third derivative of 17*r**4/24 + 12*r**2. List the prime factors of u(7).
7, 17
Suppose -5*i + 0*a - 4*a = 119, 2*a = -2*i - 46. Let t = 30 - i. List the prime factors of t.
3, 19
Let w(s) = -7 + 1 - s**2 + 7*s + 7. Let q be w(11). Let j = q + 70. What are the prime factors of j?
3
Let n be 9 - -1 - (0 - -2). Let f(d) = 29*d - d**3 + 0 + 1 + 38*d - 64*d + 8*d**2. List the prime factors of f(n).
5
Let h = 445 - 14. Suppose -3*x + 186 = 2*i - 0*i, 5*i - x = h. Suppose i = -4*w + 7*w. What are the prime factors of w?
29
Let p = 17 - -56. What are the prime factors of p?
73
Let b = 56 + -14. Let f = 21 - b. Let k = f - -41. List the prime factors of k.
2, 5
Let p = -68 + 68. Suppose p = -2*t - 4*w + 290, -5*w + 45 = t - 97. What are the prime factors of t?
3, 7
Let o(h) = 6*h**3 - 5*h**2 - 6*h - 4. What are the prime factors of o(6)?
2, 269
Let n = 2167 - 1005. What are the prime factors of n?
2, 7, 83
Let v(t) = 4*t - 2. Suppose 2 = -0*w + 2*w. Let i be v(w). What are the prime factors of (1 - -21 - i) + 3?
23
Let o = -3 - -3. Suppose 2*c + 5*r - 26 = 0, 2*c + 6 = -o*r + 3*r. List the prime factors of (c - (-1 + -16))*1.
2, 5
Let u(x) = 3*x**2. Let r be u(-3). Let c be (-4)/18 - (-546)/r. List the prime factors of 1/(1/c) + -2.
2, 3
Suppose 5*x = -10*x + 11*x. Suppose x = 7*t + 68 - 327. List the prime factors of t.
37
Let w(p) = -p**2 - 7